*m + 4*f. Suppose -3*l = m*h + 3 - 86, 97 = 3*h - l. What is the units digit of h?
4
Let a(j) = -j**3 - 6*j**2 - 2*j - 6. Let t be a(-6). Let p = t - 8. Let s(f) = -9*f - 3. What is the units digit of s(p)?
5
What is the hundreds digit of (-30)/(-40) - (-1058)/8?
1
Let y = 4 + 3. Suppose -y = -4*i + 21. Let s = -1 + i. What is the units digit of s?
6
Let x(v) = 8*v - 70. What is the tens digit of x(22)?
0
Let q = 32 + -12. What is the units digit of q?
0
Let h = 2 + 2. Suppose -h*p + 4*w = -4, p - 6*p - 2*w + 19 = 0. Suppose p*f + 16 = f - 4*k, -k = 5*f - 5. What is the units digit of f?
2
Let w(s) be the second derivative of s**5/20 - 2*s**4/3 + s**3 - 10*s. What is the units digit of w(8)?
8
Let i(u) = 30*u**3 - 3*u**2 - 3*u + 3. Let g(o) = -o**3 + o**2 + o - 1. Let r(y) = -3*g(y) - i(y). What is the tens digit of r(-1)?
2
Let w(z) = 3*z - 3 + 5*z + 6 - z**2. What is the tens digit of w(7)?
1
Let s = 55 + 102. What is the tens digit of s?
5
Suppose 0 = 5*d - 253 + 48. What is the tens digit of d?
4
Suppose w + 9 = 4*w. Suppose -3*m = -l - 4 - 20, 0 = -w*l + 9. What is the units digit of m?
9
Suppose n - 2*n = -21. Suppose 135 = -2*f + 5*f. Suppose -5*c + 5*u + f = 0, -4*c - c = 3*u - n. What is the units digit of c?
6
Suppose 0 = 4*c - c - 180. Suppose 4*m = -0*m + c. What is the tens digit of m?
1
Let w(o) = o + 6. Let b be (-2 + 3)*5*-1. What is the units digit of w(b)?
1
Suppose 0 = n - 5*v - 11, 3*n - 2*v + 6*v = 52. Suppose 0 = 3*c + 3*r + 5 + n, 0 = -2*c - 5*r - 20. What is the tens digit of (-82)/(-8) - c/(-20)?
1
Let x(u) = -2*u**3 - 17*u**2 - 8*u + 8. What is the units digit of x(-9)?
1
Suppose 4*l + 5*c - 372 = 3*c, -l + 2*c = -88. What is the units digit of l?
2
Let t(p) = 5*p**3 - p**2 + p - 1. Let g be t(1). Suppose 2*q - l + 8 = 3*l, 34 = -g*q + 2*l. Let x = 15 + q. What is the units digit of x?
5
Suppose 2*d + 9 - 75 = 0. What is the tens digit of d?
3
Let c = 8 + 0. Suppose -7*y = -3*y + 4*k - 44, 4*k - c = -y. Suppose 0 = 2*m - y - 26. What is the units digit of m?
9
Suppose -7*w + 91 = -518. What is the tens digit of w?
8
Let a(b) = b**2 + 5*b + 5. Let p be a(-4). Let z(s) = 33*s**3 - s**2. What is the units digit of z(p)?
2
Let w = -113 + 204. What is the tens digit of w?
9
Let m = 128 + -84. What is the tens digit of m?
4
Let x = 1 + 84. What is the tens digit of x?
8
Let o(w) = 3*w - 4. Let b be 5/(-20) - (-35)/(-4). Let p = -4 - b. What is the tens digit of o(p)?
1
Suppose 1 = -n - 0. Let m be 6/4*(-12)/9. What is the units digit of n/((-1)/m*-1)?
2
Let a(l) = -1. Let w(u) = -22*u + 6. Let p(d) = -8*a(d) - w(d). What is the tens digit of p(1)?
2
Let o(y) = 2*y**2 + 8. Let r(j) = -3*j**2 - j - 15. Let l(a) = 5*o(a) + 3*r(a). Let p be 58/10 + (-12)/(-60). What is the tens digit of l(p)?
1
Let i(b) = -b - 1 + 1 - b - 8. What is the units digit of i(-6)?
4
Suppose 364 = 2*m - 2*p, 3*m + 4*p - 94 = 424. What is the hundreds digit of m?
1
Let u = -37 + 89. What is the units digit of u?
2
Suppose -r + 107 = -3*b - 124, -r = 5*b - 191. What is the hundreds digit of r?
2
Suppose 5*p - p - 20 = 0. What is the units digit of p?
5
Suppose w - 2 = 1. Suppose -5*j + 96 = -j + w*p, 0 = j + 2*p - 29. What is the units digit of j?
1
Let g be 38 + (-1 + -1 - 0). Suppose 3*m = 7*m - g. What is the units digit of m?
9
Suppose -2*w + 16 = -4*z, -3*w + 2*z - 8 = -24. Suppose 11 = w*f - 49. What is the tens digit of f?
1
Let f = 10 + -8. Suppose -4*g + 114 = -f*d, -4*d = -3*d + 1. What is the units digit of g?
8
Let n(j) be the first derivative of 20*j**3/3 + 2. What is the units digit of n(-1)?
0
Suppose -15 - 15 = -3*u. Suppose 23 = 5*q - d, 0*q + q - 2*d = u. Suppose -q*s = -4 - 0. What is the units digit of s?
1
Let m(v) = v**2 - 3*v - 3. Let a(k) = -k**2 - k + 6. Let r be a(0). What is the tens digit of m(r)?
1
Let j be (-4)/(-10) + 92/20. Suppose j*c + 0*c = -15. What is the units digit of 12 + -1 - c/(-1)?
8
Let q(z) = 3 - 9 + 8*z**2 + 4. What is the tens digit of q(-2)?
3
What is the units digit of (-7271)/(-33) - ((-2)/(-6) + 1)?
9
Suppose -4*m + 322 = -58. What is the units digit of m?
5
Suppose -3*l + 252 = 3*k, -3*k = -2*l - 0*k + 153. What is the units digit of l?
1
Suppose -8 = -4*m + 4. Suppose 4 = -w + m*w. Suppose -w*n + 4 = 2*n. What is the units digit of n?
1
Let b(k) = k**2 + 16*k + 8. Let n be b(-6). Let v = n - -101. What is the units digit of v?
9
What is the units digit of 32/(-24)*12/(1*-2)?
8
Let k(s) = 15*s**2 - 3*s + 2. What is the hundreds digit of k(3)?
1
Suppose 58 = 5*w - 17. Suppose 0 = 4*z - z - w. Suppose -z*u + s + 0*s = -18, -2*s + 16 = 3*u. What is the units digit of u?
4
Let f(s) = s**3 - 5*s**2 + 3. Let n = 4 + 1. Let b be f(n). Suppose b = -3*k + 4*k. What is the units digit of k?
3
Let i be (-260)/28 + (-4)/(-14). Let b = 14 + i. What is the units digit of b?
5
What is the units digit of -1 - 1 - (-10)/2?
3
Let p = 4 - 8. Let y = -3 - p. What is the units digit of y?
1
Suppose h - 20 = 5*h. Let w be h/(-25) - (-42)/(-10). What is the units digit of (-1 - (2 + w))*1?
1
Let i = 5 - 1. Suppose 2*u - 43 = -u - i*v, -31 = -u + 2*v. What is the units digit of u?
1
What is the units digit of (-1)/(-1) + (-56)/(-2)?
9
Let z(c) = c**2 - 13*c - 4. Let u be z(13). Let y(i) = -4*i + 5. What is the units digit of y(u)?
1
Suppose 15 - 52 = -p + 5*k, -4*p + 3*k = -199. What is the tens digit of p?
5
Suppose 3*z - 2*z + 4 = 0, -5*n + 74 = -z. Let j = n - 8. What is the units digit of j?
6
Let m(x) = 6*x - 2. Suppose 5*q = -4*p + 84, -5*q + 45 + 60 = 5*p. Suppose -5*s - 2*j + 0*j + p = 0, 27 = 4*s + 5*j. What is the tens digit of m(s)?
1
Let y(i) = i**2 - 5*i + 5. Let a be y(5). Let s(k) = 4*k + 3. What is the units digit of s(a)?
3
What is the units digit of -1*(-11 - (-8)/2)?
7
Let u = 35 + -5. What is the units digit of u?
0
Let s = -28 + 60. What is the tens digit of s?
3
Let u = 11 + -7. Suppose -u*a + 29 = 5. What is the units digit of a?
6
Let q be ((-90)/(-27))/((-2)/(-3)). Suppose q + 5 = y. What is the tens digit of y?
1
Suppose 3*f = -0*f + 108. What is the tens digit of f?
3
Suppose 3*m - 2*m = 27. What is the tens digit of ((-15)/(-9) + 0)*m?
4
Let z = -7 + -1. Suppose 3*l - 9 = j, 0 = -5*j + 3*l - 29 + 8. Let m = j - z. What is the units digit of m?
5
Let s(j) be the first derivative of -j**3/6 + 7*j**2/2 - j + 2. Let b(q) be the first derivative of s(q). What is the units digit of b(6)?
1
Suppose -3*w + 101 = 26. What is the tens digit of w?
2
Let v = 2 + 2. Suppose v*p = -b + 16, -b = 3*p + 2*p - 19. Suppose 6*x - 2*x + 3 = q, -b*x = 0. What is the units digit of q?
3
Let p(d) = -d + 9. Let v be p(0). Suppose 4*x - v = 7. Let r = x + -2. What is the units digit of r?
2
Let o(n) = 2*n**2 + n + 4. Let a be (-3 - 1)/2 + -3. Let w be o(a). Let f = w - 32. What is the tens digit of f?
1
Suppose 0 = -0*j - 2*j - u - 25, j - u + 20 = 0. Let n = 36 + j. What is the units digit of n?
1
Let k(b) = -9*b - 2. Let r be k(-3). Let f = -13 + r. What is the tens digit of f?
1
Suppose -4*r + 3 - 23 = 0. What is the units digit of 1 + 0 + r + 6?
2
Let s = -77 - -133. Suppose 0*b - 4*b - 2*g + 74 = 0, 4*b - 4*g - s = 0. What is the units digit of b?
7
Suppose 98 = 3*v - 124. What is the units digit of v?
4
Let q(b) be the second derivative of b**7/2520 - b**5/24 + b**4/4 + 4*b. Let a(x) be the third derivative of q(x). What is the units digit of a(-5)?
0
Let h be 6/(3 - 2) + -2. Suppose 5*p - i = 38, h*i + 9 = 3*p - 24. What is the units digit of p?
7
Suppose -4*r = -26 - 90. What is the units digit of r?
9
Suppose 8*y - 5*y = 0. Suppose -2*r + 6*r - 164 = y. What is the tens digit of r?
4
Suppose -d + 32 + 68 = 0. Suppose -6*b + 2*b - 96 = -5*l, -5*l + 5*b + d = 0. Let k = -9 + l. What is the units digit of k?
7
Suppose -20 = -4*w, -3*v + 0*w = -w - 73. Let f = 4 + v. What is the units digit of f?
0
Let z(j) be the second derivative of j**5/20 + 2*j**4/3 + 7*j**3/6 + j**2/2 - j. What is the units digit of z(-7)?
1
Let f be 8/(-44) - 2/(-11). Suppose r - 3*m + f*m - 2 = 0, 0 = -2*r - 5*m + 4. Suppose 3*q - 2*q = r. What is the units digit of q?
2
Suppose 11 + 1 = 3*z. Suppose -40 = -m - z*m. Let o = -6 + m. What is the units digit of o?
2
Let f(p) = 6*p - 9. What is the units digit of f(7)?
3
Suppose 4*c + w - 19 = 